 - 40 = -4*a. What is the remainder when a is divided by 32/5 + (-10)/(-75)*-3?
4
Let j be 3/(-2) - (-18)/12. Suppose -41 = -3*o + 2*o - 2*y, j = -3*y - 12. Calculate the remainder when o is divided by 17.
15
What is the remainder when (-98)/(-2) - (1 + -3) is divided by 14?
9
Let u(c) = -c**3 + 3*c**2 + 3*c + 3. Suppose -3*m = -0*m - 9. Calculate the remainder when 34 is divided by u(m).
10
Let g = 14 - 7. Let a(m) = -3*m - 7. Let l be a(-9). Let v = -16 + l. Calculate the remainder when g is divided by v.
3
Suppose 0 = -s - 2*s + 147. Suppose -s = -4*p + 55. What is the remainder when p is divided by 14?
12
Let c be -1*(-3 + (-3)/3). Suppose c*h - 217 = 3*v - 4*v, -223 = -4*h + v. Calculate the remainder when h is divided by 14.
13
Let k be (-10)/(-15) + (-28)/(-3). Let p = k - 7. Calculate the remainder when p is divided by 1.
0
Let x = -49 + 94. Let v = -19 + 42. Calculate the remainder when x is divided by v.
22
Suppose 0 = y + 4*y - 25. Suppose x - y*k + 38 = 0, -14 - 24 = x + k. Let c = x - -83. Calculate the remainder when c is divided by 12.
9
Let p be 0*(-2)/(5 + -1). Suppose 6 = 3*r - p*r. Suppose 2 = -r*b + 10. What is the remainder when b is divided by 2?
0
Let t(b) = -b. Let w be (0/1)/(2 + 0). Let v be t(w). Let c = v - -14. Calculate the remainder when c is divided by 5.
4
Suppose -3*t + 120 = t. Suppose t = 2*q + 3*q. Let j(s) = s**3 - 3*s**2 + s - 3. What is the remainder when j(4) is divided by q?
5
Suppose 0 = -5*h + 7 - 32. Suppose 6*d - 2*d - 52 = -y, 5*d - 4*y - 65 = 0. Calculate the remainder when h*2*(-10)/4 is divided by d.
12
Let d(a) = -a**2 + 4*a - 4. Let p be d(2). Suppose p = 3*j - j - 10. Calculate the remainder when 19 is divided by j.
4
What is the remainder when 207 is divided by -1 + -5 - -16*3?
39
Let v(s) = s + 2. Let c be v(0). Let u(p) = 0 - 3*p**c - 8*p - 6*p**2 + p**3 + 7 + 0. What is the remainder when u(10) is divided by 7?
6
Let f(d) = -d**2 - 14*d + 53. Let o be -7 + (-1 + 1 - -1). Let v = 8 + o. What is the remainder when f(3) is divided by v?
0
Let k(z) = 24*z - 1. Let t be (0 - -1)/(1/5). Suppose -n + t*q = q - 13, -n + 7 = -2*q. Calculate the remainder when k(n) is divided by 12.
11
What is the remainder when (2 + -49)/(0 + -1) is divided by 16?
15
Let t = -8 - -18. Let v = -16 + t. Let q(c) = c**2 + 5*c + 6. What is the remainder when 35 is divided by q(v)?
11
Suppose 3*p = -0 + 12. Let o be 2 + (1 - 3) - -2. Suppose -2*m = -p*u, 7*m - 16 = 4*m + o*u. Calculate the remainder when m is divided by 3.
2
Let p = 79 - 61. What is the remainder when 28 is divided by p?
10
Suppose 13*k = 103 + 209. What is the remainder when 165 is divided by k?
21
Suppose 5*l = 8 + 2. What is the remainder when -2 + (0 - l*-38) is divided by 25?
24
Let k(w) = w + 4. Let i be k(-10). Let v = 0 + i. Calculate the remainder when v/(-15) + 8/5 is divided by 1.
0
Let c(m) = -11*m**2 + m + 6. Let x(t) = 5*t**2 - t - 3. Let p(r) = -6*c(r) - 13*x(r). What is the remainder when 10 is divided by p(-7)?
1
Suppose 2*v + 5*o = 46, -2*v + 3*o + 30 = 4*o. Suppose 48 = 5*z + v. Calculate the remainder when 147/12 - (-1)/(-4) is divided by z.
5
Suppose 0 = y - 0*y - 5. Suppose 57 = y*l - 88. Calculate the remainder when l is divided by 6.
5
Suppose 0 = 4*w + w. Suppose -5*l + w + 5 = 0. Suppose 0 = 3*a + 2*d - 13, -5*a - d + 20 = 2*d. Calculate the remainder when l is divided by a.
0
Suppose -6 = -a + 12. What is the remainder when 49 is divided by a?
13
Suppose 4*q - 48 = 2*m, -3*q - 6*m + 2*m + 47 = 0. Suppose 3*c + q = 4*c. Suppose -32 - 79 = -3*r. Calculate the remainder when r is divided by c.
11
Let c(r) = -11*r - 2. What is the remainder when c(-6) is divided by 17?
13
Suppose -30 = -7*h + 5. Suppose -13 = 4*t - 89. Calculate the remainder when t is divided by h.
4
Let c = 105 + -55. What is the remainder when c is divided by 26?
24
Calculate the remainder when (1 + 2)*-1*-15 is divided by 23.
22
Let b(x) = x**2 + 4*x + 4. Suppose -2*l - 6 = s, 0 = -5*s - 2*l - 44 + 14. Suppose 5 = i, 3*y - y - i = 87. Calculate the remainder when y is divided by b(s).
14
Suppose -2*h = z - 21, h - 26 = -5*z + 7. Calculate the remainder when 31 is divided by h.
7
Suppose 11*f = -0*f + 66. Calculate the remainder when 34 is divided by f.
4
Suppose 4*l + l - 70 = 0. Suppose 15 = y - 5*x, 0 = -3*y - x + 3*x + 110. What is the remainder when y is divided by l?
12
Let l(b) be the first derivative of b**4/4 - 3*b**3 - 5*b**2 + 7*b + 6. Calculate the remainder when 13 is divided by l(10).
6
Let i = 4 + -1. Suppose 0 = -3*w + 3*v - v + 35, i*w - 3*v - 36 = 0. What is the remainder when 20 is divided by w?
9
Let f = -90 - -63. Let h = 10 + f. Let k = -6 - h. Calculate the remainder when 31 is divided by k.
9
What is the remainder when 4 is divided by 84/24 - 1/2?
1
Let y = -6 - -32. Let w(v) = -v**2 + 2*v - 2. Let m be w(4). Calculate the remainder when y is divided by 14 + 2 + m/5.
12
Suppose 2*j - 62 + 4 = 0. Suppose -j - 3 = -4*b. Suppose -16 = -2*r + 2*u + 22, 4*u = -4*r + 36. Calculate the remainder when r is divided by b.
6
Suppose 2*g = 19 - 7. What is the remainder when 23 is divided by g?
5
Let a(d) be the third derivative of d**5/60 - d**4/8 - 4*d**3/3 - 2*d**2. Let s be a(6). Calculate the remainder when 51 is divided by -1 + (-5)/(s/(-28)).
12
Let r = 4 - 1. What is the remainder when r is divided by 1?
0
Let f = 18 - 2. Calculate the remainder when 78 is divided by f.
14
Let a(d) = 26*d**3 - d**2. Calculate the remainder when 98 is divided by a(1).
23
Suppose -6*d = -7*d + 32. Suppose -4*n - d = -4*h, 3*h - 24 = 6*n - n. Calculate the remainder when h is divided by 3.
2
Let p be 2/5*(-1 - -16). Let g be (-33)/p + 2/4. Let n = 4 - g. What is the remainder when 25 is divided by n?
7
Suppose 8*y - 5*y = -4*z + 198, 3*y = -2*z + 192. Let a(l) = -l**3 - 5*l**2 - 3*l + 1. What is the remainder when y is divided by a(-5)?
14
Let c(y) = -y**2 + 10*y - 2. Let z = 3 - -6. Suppose 5*x - 125 = 3*s - 32, -5 = 5*s. Calculate the remainder when x is divided by c(z).
4
Let h(s) = -s**2 - 16*s - 30. What is the remainder when 88 is divided by h(-12)?
16
Let f(l) = l**3 + 5*l**2 + l - 4. Suppose 2*g - 92 = -2*w, 2*w - 49 + 172 = 3*g. What is the remainder when g is divided by f(-3)?
10
Let o(b) be the second derivative of 11/6*b**3 + 3*b + 1/20*b**5 + 0 - b**4 + 11/2*b**2. What is the remainder when 20 is divided by o(11)?
9
Let o = 110 - 88. What is the remainder when o is divided by 6?
4
Suppose -40 = -5*o - 0*o. Let j = -142 + 147. What is the remainder when o is divided by j?
3
Suppose 0*a - 4 = -a, n = -3*a + 50. What is the remainder when n is divided by 21?
17
Let t = -6 + -4. What is the remainder when 34 is divided by (2 + 13)*(-6)/t?
7
Let w(h) = -3*h - 9. Let r(g) = g**3 + 3*g**2 - 4*g - 6. Let u be r(-4). Calculate the remainder when 16 is divided by w(u).
7
Let z = 26 + -38. What is the remainder when (z/10)/(16/(-40)) is divided by 3?
0
Let g(x) = x + 43. Let m be (1 - 3) + (-4 - -6). What is the remainder when g(m) is divided by (-1 - -3)/((-2)/(-15))?
13
Let p = 12 + 11. Calculate the remainder when p is divided by (8/(-5))/(5/(-25)).
7
Suppose -d = 3*w - 735, 0*d + 982 = 4*w + 2*d. Suppose l - w = -5*t, -4*t = -2*t + 4*l - 94. What is the remainder when t is divided by 13?
10
Let h(a) = -3*a**3 + a. Let p be h(-1). Suppose -p*r - 11 = -3*r - 2*x, -3*r + 2*x + 1 = 0. Suppose -w + 15 = -r. What is the remainder when 35 is divided by w?
17
Let m(n) = -n + 9. Let r be (-132)/(-18) + 2/3. Let c be m(r). What is the remainder when 14 is divided by (0 - c)*-5*1?
4
Let c(o) = 17*o**2 + 1. Let z be c(-1). Let v = -12 + z. Suppose -7*q + 2*q = -w - 1, 4*w - 11 = 5*q. Calculate the remainder when v is divided by w.
2
Suppose 0*v - 6 = -2*v. Let a(s) = 4*s**2 - 3*s + 2. Calculate the remainder when a(v) is divided by 15.
14
Suppose 53 = g + 2*o, -3*g + 3*o = -6*g + 168. What is the remainder when g is divided by 16?
11
Let s = 23 + -38. Let h = -4 - s. Calculate the remainder when 32 is divided by h.
10
Suppose 0 = -24*g + 32*g - 344. Suppose 0*u - u + 22 = 0. Calculate the remainder when g is divided by u.
21
Suppose 0 = 2*q + 2*q - 12. Suppose -5 - 17 = -b + q*x, -3*b - x + 106 = 0. Calculate the remainder when b is divided by 9.
7
Let w(a) be 